38 - 1?
-4539
In base 11, what is -3 - -345?
342
In base 3, what is -1 + 20010?
20002
In base 15, what is -24 + 9?
-1a
In base 9, what is -684 - -4?
-680
In base 3, what is 101 + -212?
-111
In base 4, what is 2 - -123220?
123222
In base 5, what is -200042 + -1?
-200043
In base 2, what is 111 + 1011110000?
1011110111
In base 7, what is -111 + 5?
-103
In base 11, what is 1 + 916?
917
In base 6, what is -3 - -132?
125
In base 13, what is 7 + 757?
761
In base 15, what is 2 - 4ba?
-4b8
In base 11, what is -5 + 27?
22
In base 15, what is -120 + 0?
-120
In base 10, what is -10 + 775?
765
In base 4, what is -11222 - -1?
-11221
In base 8, what is -10 + 465?
455
In base 5, what is 2220113 - 2?
2220111
In base 14, what is 14 + -a?
8
In base 8, what is 10554 - 2?
10552
In base 8, what is -14 + -67?
-103
In base 11, what is 2479 - 2?
2477
In base 8, what is -14305 + 0?
-14305
In base 2, what is 1110111011 + -101?
1110110110
In base 13, what is 76 - -3?
79
In base 2, what is -1101 - 0?
-1101
In base 5, what is -11020 + 11?
-11004
In base 10, what is -11 - 1?
-12
In base 3, what is -1221120 - -1?
-1221112
In base 11, what is -1 + 3a5?
3a4
In base 12, what is -80 - -12?
-6a
In base 3, what is -12 - -11112?
11100
In base 13, what is 6c - -17?
86
In base 2, what is -100010110 + 110?
-100010000
In base 16, what is 311 + -1?
310
In base 10, what is 2 - -25?
27
In base 12, what is -24 - 19?
-41
In base 6, what is 11 + 320?
331
In base 10, what is 4 - 216?
-212
In base 12, what is 234 - -b?
243
In base 10, what is 32 + 0?
32
In base 10, what is 1017 + 2?
1019
In base 4, what is 3012022 + 3?
3012031
In base 10, what is 2 + 47?
49
In base 16, what is -5 - 1d?
-22
In base 7, what is 16 + 103?
122
In base 15, what is -6de6 + 2?
-6de4
In base 10, what is 3 - -10?
13
In base 5, what is -12 - 123?
-140
In base 12, what is 4 - 36?
-32
In base 3, what is -200010 + 0?
-200010
In base 5, what is -230 + 4?
-221
In base 5, what is 10100 + -4?
10041
In base 5, what is -4 + 4102?
4043
In base 7, what is -316 + 5?
-311
In base 15, what is 8 + 5?
d
In base 12, what is 62 - 2?
60
In base 9, what is -2 - 41?
-43
In base 14, what is a - 140?
-134
In base 14, what is -92 + -9?
-9b
In base 9, what is -1724 - 24?
-1748
In base 6, what is -41455 - 3?
-41502
In base 13, what is -89 + 3?
-86
In base 4, what is -2220 - -11?
-2203
In base 12, what is 142 + 25?
167
In base 5, what is 12343 + -3?
12340
In base 4, what is 13013 + -31?
12322
In base 14, what is -1909 - -4?
-1905
In base 8, what is -1515 - 12?
-1527
In base 5, what is -14 + 33?
14
In base 15, what is 5 + -29?
-24
In base 2, what is 11 + 110111001?
110111100
In base 5, what is 21034 - 4?
21030
In base 14, what is 1 + -166?
-165
In base 6, what is -11 - -31215?
31204
In base 15, what is 6 - 28?
-22
In base 7, what is -56125 + -1?
-56126
In base 15, what is e3b - 9?
e32
In base 13, what is -2b0 + -10?
-2c0
In base 4, what is 100 - 12?
22
In base 15, what is e + -36?
-27
In base 9, what is 28 + 1?
30
In base 11, what is 18 + 0?
18
In base 7, what is 5 + -15222?
-15214
In base 10, what is -93 - 30?
-123
In base 3, what is -21 + 1000122?
1000101
In base 8, what is -572 - -5?
-565
In base 15, what is 64 + -1?
63
In base 10, what is 1 + 7?
8
In base 14, what is -2a - 2?
-2c
In base 3, what is -211111 + -110?
-211221
In base 15, what is 21 - 12e?
-10d
In base 2, what is 11 - -1010111010?
1010111101
In base 10, what is 0 + -1439?
-1439
In base 16, what is 2 + -16?
-14
In base 7, what is 506 - 5?
501
In base 11, what is -2 + 59?
57
In base 7, what is 3 - -540?
543
In base 8, what is 2 - 10611?
-10607
In base 13, what is -6 + -731?
-737
In base 11, what is -1 + 21?
20
In base 14, what is -574 + 4?
-570
In base 12, what is -557 - 4?
-55b
In base 9, what is 5 - -464?
470
In base 7, what is -1331 - 2?
-1333
In base 14, what is 90 - -1?
91
In base 12, what is -b2 - 4?
-b6
In base 12, what is 10 + -20?
-10
In base 5, what is -3 + -2042?
-2100
In base 11, what is -150 + -14?
-164
In base 9, what is -68 + -140?
-218
In base 11, what is 23 - 1a3?
-180
In base 6, what is -3 - 50?
-53
In base 9, what is 0 - 222?
-222
In base 5, what is -23112 - 1?
-23113
In base 12, what is -3 + 403?
400
In base 8, what is 21 - 304?
-263
In base 5, what is -1 - -3014?
3013
In base 10, what is 0 - 65?
-65
In base 9, what is 4712 - 0?
4712
In base 4, what is -3 - 33320?
-33323
In base 11, what is -3 + 123?
120
In base 9, what is 31864 + 4?
31868
In base 7, what is 3 + 154?
160
In base 5, what is -222 + -110?
-332
In base 4, what is 11 - -1121013?
1121030
In base 8, what is 66 + -14?
52
In base 3, what is -11 + -120?
-201
In base 5, what is -13 + -3?
-21
In base 10, what is -1454 + 0?
-1454
In base 5, what is 21 + -130?
-104
In base 5, what is -402 - -3?
-344
In base 2, what is 1100010110 + -11?
1100010011
In base 10, what is -61 + 0?
-61
In base 6, what is 434 + -1?
433
In base 6, what is 1355 + 21?
1420
In base 5, what is 3312 + 2?
3314
In base 16, what is -1 + 3ad?
3ac
In base 7, what is -4 - -36?
32
In base 16, what is 6 + 17c?
182
In base 8, what is -3 + -1336?
-1341
In base 6, what is -124 + 11?
-113
In base 15, what is -b83 - c?
-b90
In base 7, what is 4 - -135?
142
In base 16, what is 4 + -905?
-901
In base 7, what is 2 + -1653?
-1651
In base 2, what is 10111101 + -10111?
10100110
In base 12, what is 2 + -8?
-6
In base 4, what is 3 + -22?
-13
In base 15, what is 1 - 87?
-86
In base 14, what is -4 + -72?
-76
In base 11, what is -2736 + -4?
-273a
In base 7, what is -2220 - 5?
-2225
In base 15, what is -2d3 - -7?
-2cb
In base 15, what is 71 + d?
7e
In base 14, what is 8 + -75?
-6b
In base 11, what is -131 + -2?
-133
In base 4, what is -23 + -13?
-102
In base 8, what is 1044 + 17?
1063
In base 12, what is -262 - 1?
-263
In base 11, what is 0 - -65?
65
In base 7, what is 14235 + 6?
14244
In base 2, what is 0 - 1000011011?
-1000011011
In base 9, what is -5100 + -1?
-5101
In base 7, what is -23 + 2?
-21
In base 12, what is -5986 - 3?
-5989
In base 5, what is -342 + 2?
-340
In base 16, what is -1 + -441?
-442
In base 9, what is 4 - 6?
-2
In base 14, what is 7 - -6a?
73
In base 9, what is 3 + -87?
-84
In base 4, what is 3103 - -3?
3112
In base 6, what is -140 - -1003?
423
In base 16, what is 2 - 5c?
-5a
In base 12, what is 677 + 11?
688
In base 11, what is 0 + 88a?
88a
In base 7, what is 1 - 406?
-405
In base 5, what is 2 + 14203?
14210
In base 12, what is 2bb + -4?
2b7
In base 6, what is -2 - -40520?
40514
In base 13, what is 4 - -883?
887
In base 13, what is 1229 - 1?
1228
In base 5, what is 0 + -10132?
-10132
In base 16, what is 43 + -5?
3e
In base 7, what is -41154 - 5?
-41162
In base 11, what is 12 - -122?
134
In base 7, what is 0 - 62?
-62
In base 16, what is 2a + -1?
29
In base 8, what is -523 - -5?
-516
In base 6, what is 3 + 402?
405
In base 4, what is -302 - -202?
-100
In base 16, what is 16 + -25?
-f
In base 7, what is -466 + -1?
-500
In base 11, what is -4 + 295a?
2956
In base 8, what is 3 - -775?
1000
In base 3, what is -22110 + 0?
-22110
In base 11, what is -410 + -1?
-411
In base 11, what is -40 - -5?
-36
In base 4, what is -11331 + 10?
-11321
In base 6, what is -40 - -1?
-35
In base 15, what is -18 - -24?
b
In base 3, what is -10 + 1020?
1010
In base 11, what is 74 + 6?
7a
In base 15, what is c8 + 3a?
113
In base 13, what is -2 + 25?
23
In base 16, what is -362 - -2?
-360
In base 8, what is 1 + 134?
135
In base 7, what is -1614 - -4?
-1610
In base 11, what is -89 + -8?
-96
In base 9, what is -8 - 178?
-187
In base 13, what is 3 - -141c?
1422
In base 4, what is -1002 + -1303?
-2311
In base 12, what is 185 - -4a?
213
In base 8, what is 222 + -51?
151
In base 10, what is 40 - -29?
69
In base 8, what is -31 - 414?
-445
In base 16, what is 52 - -2?
54
In base 9, what is 15 + 373?
388
In base 15, what is 1e1 + -20?
1c1
In base 15, what is -24 - 14?
-38
In base 2, what is -11010001 - 10111?
-11101000
In base 5, what is 100 - 21?
24
In base 2, what is 1000010000110 + -10?
1000010000100
In base 16, what is -fa4 - -4?
-fa0
In base 12, what is 41 - -a?
4b
In base 3, what is -2 + -1101?
-1110
In base 3, what is -1 + 10010220?
10010212
In base 15, what is -27 - d8?
-110
In base 14, what is -170 - 2?
-172
In base 11, what is 46 - -160?
1a6
In base 9, what is 6 - 182